-10001110100011
What is 1210022121 (base 3) in base 5?
2111344
-121432 (base 5) to base 16
-1209
140233 (base 7) to base 4
12132211
Convert -3b8 (base 16) to base 15.
-437
What is 986 (base 10) in base 9?
1315
Convert 623 (base 7) to base 9.
375
-110001100011001 (base 2) to base 4
-12030121
What is 40db (base 14) in base 11?
8434
Convert -10010001111 (base 2) to base 8.
-2217
Convert -577b (base 13) to base 15.
-3980
Convert 340135 (base 6) to base 5.
1403241
What is -21100212 (base 3) in base 5?
-132434
Convert 195 (base 11) to base 12.
169
1252 (base 7) to base 11
3a5
What is 598 (base 15) in base 2?
10011110100
Convert 90 (base 12) to base 6.
300
-10024 (base 5) to base 10
-639
-24112 (base 8) to base 5
-312224
Convert 6c91 (base 14) to base 6.
223411
-11110111000 (base 2) to base 15
-8bb
What is -127d (base 14) in base 5?
-100442
-9a59 (base 11) to base 15
-3dd8
6ceb (base 15) to base 6
255135
1362 (base 12) to base 2
100010111010
-101052 (base 7) to base 15
-515c
What is 1714 (base 8) in base 12?
690
What is 2124 (base 6) in base 11?
400
Convert 1423151 (base 6) to base 14.
21787
Convert -27665 (base 10) to base 11.
-19870
What is -21011102 (base 3) in base 16?
-1466
What is -1000111101 (base 2) in base 6?
-2353
181 (base 14) to base 13
1aa
-21101 (base 4) to base 15
-298
Convert -54d (base 15) to base 13.
-712
Convert -12355 (base 12) to base 8.
-60161
Convert 1 (base 7) to base 15.
1
What is -24c7 (base 13) in base 6?
-40121
Convert 1376 (base 9) to base 13.
621
What is -16542 (base 8) in base 5?
-220042
Convert 2304 (base 9) to base 11.
1310
What is -3180a (base 12) in base 13?
-23827
5947 (base 11) to base 12
4617
-1d79 (base 14) to base 4
-1110113
Convert -37c4 (base 13) to base 8.
-17376
68a (base 13) to base 11
936
-21661 (base 9) to base 14
-5360
What is 12014 (base 6) in base 3?
2101101
What is -38a0 (base 12) in base 4?
-1210320
1511 (base 16) to base 8
12421
Convert 15442 (base 6) to base 5.
40141
-312 (base 12) to base 9
-545
What is -20022 (base 3) in base 2?
-10101010
What is 4486 (base 10) in base 6?
32434
What is -618 (base 16) in base 5?
-22220
What is 1310031 (base 4) in base 7?
30453
Convert -298 (base 11) to base 2.
-101011101
What is -f0 (base 16) in base 13?
-156
What is -c1b (base 15) in base 4?
-222212
What is 15291 (base 11) in base 4?
11102012
22a (base 14) to base 15
1da
What is 11200 (base 3) in base 9?
150
Convert -67a4 (base 12) to base 4.
-2303230
1224 (base 11) to base 13
960
What is -3112 (base 6) in base 16?
-2b4
What is -1130304 (base 5) in base 15?
-6204
Convert -62012 (base 9) to base 2.
-1001111110000011
b993 (base 12) to base 10
20415
Convert -2823 (base 10) to base 5.
-42243
What is -10001001000 (base 2) in base 6?
-5024
-159 (base 11) to base 6
-505
Convert 8e76 (base 16) to base 4.
20321312
102011 (base 3) to base 16
12d
Convert -207 (base 15) to base 16.
-1c9
What is 16728 (base 13) in base 3?
2011221010
What is 110061 (base 7) in base 9?
28360
-13603 (base 8) to base 14
-229d
Convert 132140 (base 5) to base 12.
3093
Convert -102210121 (base 3) to base 13.
-3bb9
-3932 (base 15) to base 9
-17652
Convert 17596 (base 12) to base 11.
23326
-907 (base 10) to base 11
-755
12957 (base 10) to base 2
11001010011101
-7313 (base 8) to base 5
-110122
Convert 210032 (base 4) to base 13.
1094
What is 929 (base 15) in base 9?
2743
What is -2433 (base 8) in base 16?
-51b
What is -1011000100010 (base 2) in base 6?
-42122
-101010010111000 (base 2) to base 6
-244224
What is -5342 (base 16) in base 11?
-15017
What is -13205 (base 9) in base 7?
-34664
1401302 (base 5) to base 13
cb80
Convert 222321 (base 5) to base 16.
1e9c
-3988 (base 13) to base 16
-2020
What is 78a (base 12) in base 3?
1112021
227 (base 16) to base 15
26b
Convert -656 (base 8) to base 2.
-110101110
3302 (base 4) to base 12
182
102b0 (base 13) to base 10
29042
Convert -15b0c (base 13) to base 2.
-1010000111001001
6e (base 15) to base 6
252
What is -317 (base 10) in base 15?
-162
What is -674 (base 16) in base 2?
-11001110100
What is 1ce (base 16) in base 5?
3322
-111220 (base 3) to base 9
-456
24437 (base 9) to base 13
7603
Convert -23201 (base 4) to base 16.
-2e1
What is -21718 (base 9) in base 10?
-14435
2422 (base 9) to base 16
70a
Convert 1558 (base 10) to base 5.
22213
Convert -21130322 (base 4) to base 9.
-58085
201010 (base 3) to base 11
42a
Convert -2826b (base 12) to base 10.
-55667
What is 1100012 (base 3) in base 10?
977
-28a (base 11) to base 4
-11110
Convert -197 (base 10) to base 16.
-c5
11002200 (base 3) to base 9
4080
-63c3 (base 13) to base 15
-4183
Convert -405333 (base 6) to base 4.
-13320321
What is -1102133 (base 4) in base 6?
-40235
What is 758a (base 11) in base 7?
41133
What is 6413 (base 9) in base 15?
15e0
What is 1ab0 (base 12) in base 2?
110011100100
What is 15ab1 (base 14) in base 16?
d3eb
Convert -419 (base 10) to base 14.
-21d
What is -430 (base 8) in base 12?
-1b4
What is -1072 (base 9) in base 15?
-37e
What is 33731 (base 9) in base 3?
1010211001
121 (base 14) to base 12
169
Convert 2aa (base 14) to base 2.
1000011110
-301 (base 15) to base 16
-2a4
What is -50056 (base 7) in base 9?
-17464
Convert 124 (base 16) to base 15.
147
Convert 1270 (base 9) to base 14.
4c2
Convert -640 (base 12) to base 14.
-492
Convert -187b (base 12) to base 2.
-101110011111
Convert -1da (base 16) to base 3.
-122120
What is 28646 (base 11) in base 13?
156b3
Convert -54062 (base 7) to base 3.
-200102002
3330113 (base 4) to base 9
24135
7142 (base 9) to base 4
1101212
11001110110 (base 2) to base 16
676
What is -1230023 (base 4) in base 9?
-10442
233454 (base 6) to base 10
20266
What is 77 (base 16) in base 13?
92
Convert -577 (base 8) to base 6.
-1435
What is 1083 (base 12) in base 9?
2450
What is -5ff (base 16) in base 5?
-22120
Convert -3333131 (base 4) to base 7.
-65444
393 (base 16) to base 4
32103
2ac9 (base 16) to base 10
10953
What is -56691 (base 10) in base 14?
-16935
202411 (base 5) to base 7
25155
-2e1 (base 16) to base 6
-3225
What is -13305 (base 9) in base 7?
-35141
What is -1333112 (base 4) in base 15?
-2635
What is -27a (base 14) in base 13?
-2c6
59d (base 14) to base 9
1473
What is 3363 (base 7) in base 2?
10011000101
2113443 (base 5) to base 2
1000101010101010
What is -10101000 (base 2) in base 12?
-120
-14735 (base 8) to base 11
-4a7a
Convert 1b6 (base 12) to base 15.
13c
6abb (base 15) to base 8
54224
What is -1b4 (base 14) in base 16?
-162
-2715 (base 8) to base 12
-a39
Convert -16d (base 14) to base 4.
-10211
What is 3333 (base 7) in base 14?
61a
What is -101011100000 (base 2) in base 9?
-3733
Convert 299c (base 15) to base 8.
21332
Convert -2140 (base 7) to base 3.
-1001021
-4003 (base 5) to base 14
-27d
What is -3054 (base 13) in base 4?
-1220010
30332131 (base 4) to base 14
15525
Convert 1100211 (base 3) to base 6.
4334
Convert 264 (base 16) to base 5.
4422
What is -542 (base 7) in base 10?
-275
110100010011110 (base 2) to base 3
1100201221
Convert -2000121 (base 3) to base 10.
-1474
105242 (base 6) to base 11
6800
What is 2889 (base 13) in base 8?
13343
Convert -b90 (base 12) to base 2.
-11010011100
What is 13031 (base 12) in base 8?
62545
What is -10001221 (base 3) in base 9?
-3057
What is 2343 (base 7) in base 5?
11424
-2210 (base 8) to base 11
-965
What is 121203 (base 5) in base 4?
1013021
3174 (base 8) to base 6
11404
What is 422 (base 7) in base 10?
212
Convert 3b17 (base 12) to base 4.
1222003
101c2 (base 13) to base 4
13003120
1010122 (base 3) to base 16
33b
What is 1334 (base 6) in base 4?
11122
331010 (base 4) to base 9
5322
What is 5200 (base 8) in base 14?
da0
-527 (base 10) to base 5
-4102
9133 (base 11) to base 9
17574
What is -d7 (base 15) in base 13?
-127
What is 110100111 (base 2) in base 3?
120200
-160065 (base 7) to base 11
-21539
What is 5530 (base 8) in base 16?
b58
What is 650 (base 12) in base 13?
561
-3530 (base 8) to base 3
-2120122
What is 2c8 (base 16) in base 9?
871
5a35 (base 13) to base 9
18402
Convert -2100 (base 5) to base 8.
-423
What is -254 (base 6) in base 13?
-82
What is -220021 (base 4) in base 2?
-101000001001
Convert -51 (base 6) to base 4.
-133
1301003 (base 4) to base 12
422b
What is -303103 (base 4) in base 5?
-101113
Convert 6500 (base 8) to base 16.
d40
1110000001 (